Last updated on 2025-10-30 08:51:23 CET.
| Flavor | Version | Tinstall | Tcheck | Ttotal | Status | Flags |
|---|---|---|---|---|---|---|
| r-devel-linux-x86_64-debian-clang | 0.1.0 | 154.61 | 37.66 | 192.27 | OK | |
| r-devel-linux-x86_64-debian-gcc | 0.1.0 | 2.35 | 2.45 | 4.80 | ERROR | |
| r-devel-linux-x86_64-fedora-clang | 0.1.1 | 58.00 | 249.86 | 307.86 | OK | |
| r-devel-linux-x86_64-fedora-gcc | 0.1.1 | 59.00 | 299.34 | 358.34 | OK | |
| r-patched-linux-x86_64 | 0.1.0 | 4.12 | 2.36 | 6.48 | ERROR | |
| r-release-linux-x86_64 | 0.1.0 | 4.07 | 2.34 | 6.41 | ERROR | |
| r-release-macos-arm64 | 0.1.1 | 45.00 | 19.00 | 64.00 | OK | |
| r-release-macos-x86_64 | 0.1.1 | 111.00 | 74.00 | 185.00 | OK | |
| r-release-windows-x86_64 | 0.1.0 | 161.00 | 112.00 | 273.00 | OK | |
| r-oldrel-macos-arm64 | 0.1.1 | 44.00 | 22.00 | 66.00 | NOTE | |
| r-oldrel-macos-x86_64 | 0.1.1 | 85.00 | 79.00 | 164.00 | NOTE | |
| r-oldrel-windows-x86_64 | 0.1.0 | 154.00 | 110.00 | 264.00 | OK |
Version: 0.1.0
Check: whether package can be installed
Result: ERROR
Installation failed.
Flavors: r-devel-linux-x86_64-debian-gcc, r-patched-linux-x86_64, r-release-linux-x86_64
Version: 0.1.1
Check: installed package size
Result: NOTE
installed size is 13.6Mb
sub-directories of 1Mb or more:
libs 13.2Mb
Flavors: r-oldrel-macos-arm64, r-oldrel-macos-x86_64