Last updated on 2025-07-04 09:49:59 CEST.
Flavor | Version | Tinstall | Tcheck | Ttotal | Status | Flags |
---|---|---|---|---|---|---|
r-devel-linux-x86_64-debian-clang | 0.2.0 | 8.97 | 137.57 | 146.54 | OK | |
r-devel-linux-x86_64-debian-gcc | 0.2.0 | 7.18 | 80.69 | 87.87 | OK | |
r-devel-linux-x86_64-fedora-clang | 0.2.0 | 164.23 | OK | |||
r-devel-linux-x86_64-fedora-gcc | 0.2.0 | 194.87 | OK | |||
r-devel-windows-x86_64 | 0.2.0 | 13.00 | 176.00 | 189.00 | OK | |
r-patched-linux-x86_64 | 0.2.0 | 10.46 | 136.45 | 146.91 | OK | |
r-release-linux-x86_64 | 0.2.0 | 10.43 | 136.34 | 146.77 | OK | |
r-release-macos-arm64 | 0.2.0 | 263.00 | OK | |||
r-release-macos-x86_64 | 0.2.0 | 310.00 | OK | |||
r-release-windows-x86_64 | 0.2.0 | 14.00 | 162.00 | 176.00 | OK | |
r-oldrel-macos-arm64 | 0.2.0 | 264.00 | OK | |||
r-oldrel-macos-x86_64 | 0.2.0 | 366.00 | OK | |||
r-oldrel-windows-x86_64 | 0.2.0 | 14.00 | 9.00 | 23.00 | ERROR |
Version: 0.2.0
Check: whether package can be installed
Result: ERROR
Installation failed.
Flavor: r-oldrel-windows-x86_64