Last updated on 2025-07-12 09:49:26 CEST.
Flavor | Version | Tinstall | Tcheck | Ttotal | Status | Flags |
---|---|---|---|---|---|---|
r-devel-linux-x86_64-debian-clang | 1.11.0 | 6.41 | 114.41 | 120.82 | OK | |
r-devel-linux-x86_64-debian-gcc | 1.11.0 | 4.41 | 77.97 | 82.38 | WARN | |
r-devel-linux-x86_64-fedora-clang | 1.11.0 | 195.63 | OK | |||
r-devel-linux-x86_64-fedora-gcc | 1.11.0 | 188.61 | OK | |||
r-devel-windows-x86_64 | 1.10.2 | 10.00 | 103.00 | 113.00 | OK | |
r-patched-linux-x86_64 | 1.11.0 | 8.45 | 106.38 | 114.83 | OK | |
r-release-linux-x86_64 | 1.10.2 | 7.07 | 105.26 | 112.33 | OK | |
r-release-macos-arm64 | 1.10.2 | 42.00 | OK | |||
r-release-macos-x86_64 | 1.11.0 | 75.00 | OK | |||
r-release-windows-x86_64 | 1.11.0 | 10.00 | 105.00 | 115.00 | OK | |
r-oldrel-macos-arm64 | 1.10.2 | 43.00 | OK | |||
r-oldrel-macos-x86_64 | 1.11.0 | 88.00 | OK | |||
r-oldrel-windows-x86_64 | 1.11.0 | 13.00 | 128.00 | 141.00 | OK |
Version: 1.11.0
Check: replacement functions
Result: WARN
‘pillar_shaft.:.rlib_bytes’ ‘type_sum.:.rlib_bytes’
‘pillar_shaft.:.quosures’ ‘type_sum.:.quosures’
The argument of a replacement function which corresponds to the right
hand side must be named ‘value’.
Flavor: r-devel-linux-x86_64-debian-gcc