Last updated on 2025-07-12 09:49:26 CEST.
Flavor | Version | Tinstall | Tcheck | Ttotal | Status | Flags |
---|---|---|---|---|---|---|
r-devel-linux-x86_64-debian-clang | 1.1 | 9.06 | 24.92 | 33.98 | NOTE | |
r-devel-linux-x86_64-debian-gcc | 1.1 | 7.16 | 20.12 | 27.28 | NOTE | |
r-devel-linux-x86_64-fedora-clang | 1.1 | 60.01 | OK | |||
r-devel-linux-x86_64-fedora-gcc | 1.1 | 53.54 | OK | |||
r-devel-windows-x86_64 | 1.1 | 14.00 | 74.00 | 88.00 | OK | |
r-patched-linux-x86_64 | 1.1 | 9.05 | 23.88 | 32.93 | OK | |
r-release-linux-x86_64 | 1.1 | 8.69 | 23.84 | 32.53 | OK | |
r-release-macos-arm64 | 1.1 | 24.00 | OK | |||
r-release-macos-x86_64 | 1.1 | 37.00 | OK | |||
r-release-windows-x86_64 | 1.1 | 14.00 | 79.00 | 93.00 | OK | |
r-oldrel-macos-arm64 | 1.1 | 27.00 | OK | |||
r-oldrel-macos-x86_64 | 1.1 | 36.00 | OK | |||
r-oldrel-windows-x86_64 | 1.1 | 12.00 | 98.00 | 110.00 | OK |
Version: 1.1
Check: CRAN incoming feasibility
Result: NOTE
Maintainer: ‘Daniel F. Schmidt <daniel.schmidt@monash.edu>’
Found the following \keyword or \concept entries
which likely give several index terms:
File ‘pgdraw-package.Rd’:
\keyword{distribution,}
Flavors: r-devel-linux-x86_64-debian-clang, r-devel-linux-x86_64-debian-gcc