CRAN Package Check Results for Package optigrab

Last updated on 2025-07-12 09:49:25 CEST.

Flavor Version Tinstall Tcheck Ttotal Status Flags
r-devel-linux-x86_64-debian-clang 0.9.2.1 2.00 29.34 31.34 NOTE
r-devel-linux-x86_64-debian-gcc 0.9.2.1 1.70 23.30 25.00 NOTE
r-devel-linux-x86_64-fedora-clang 0.9.2.1 49.79 NOTE
r-devel-linux-x86_64-fedora-gcc 0.9.2.1 59.72 NOTE
r-devel-windows-x86_64 0.9.2.1 3.00 52.00 55.00 NOTE
r-patched-linux-x86_64 0.9.2.1 2.24 27.36 29.60 NOTE
r-release-linux-x86_64 0.9.2.1 1.87 27.01 28.88 NOTE
r-release-macos-arm64 0.9.2.1 34.00 NOTE
r-release-macos-x86_64 0.9.2.1 46.00 NOTE
r-release-windows-x86_64 0.9.2.1 4.00 54.00 58.00 NOTE
r-oldrel-macos-arm64 0.9.2.1 26.00 NOTE
r-oldrel-macos-x86_64 0.9.2.1 33.00 NOTE
r-oldrel-windows-x86_64 0.9.2.1 4.00 58.00 62.00 NOTE

Check Details

Version: 0.9.2.1
Check: Rd files
Result: NOTE checkRd: (-1) gnu_style.Rd:24: Lost braces 24 | [GNU Command Line Standards]{http://www.gnu.org/prep/standards/standards.html} | ^ Flavors: r-devel-linux-x86_64-debian-clang, r-devel-linux-x86_64-debian-gcc, r-devel-linux-x86_64-fedora-clang, r-devel-linux-x86_64-fedora-gcc, r-devel-windows-x86_64, r-patched-linux-x86_64, r-release-linux-x86_64, r-release-macos-arm64, r-release-macos-x86_64, r-release-windows-x86_64, r-oldrel-macos-arm64, r-oldrel-macos-x86_64, r-oldrel-windows-x86_64