Last updated on 2025-02-21 09:50:54 CET.
Flavor | Version | Tinstall | Tcheck | Ttotal | Status | Flags |
---|---|---|---|---|---|---|
r-devel-linux-x86_64-debian-clang | 0.2-7 | 2.91 | 37.06 | 39.97 | OK | |
r-devel-linux-x86_64-debian-gcc | 0.2-7 | 2.51 | 27.65 | 30.16 | OK | |
r-devel-linux-x86_64-fedora-clang | 0.2-7 | 64.55 | OK | |||
r-devel-linux-x86_64-fedora-gcc | 0.2-7 | 62.50 | OK | |||
r-devel-macos-arm64 | 0.2-7 | 23.00 | OK | |||
r-devel-macos-x86_64 | 0.2-7 | 37.00 | OK | |||
r-devel-windows-x86_64 | 0.2-7 | 4.00 | 55.00 | 59.00 | OK | |
r-patched-linux-x86_64 | 0.2-7 | 3.42 | 34.84 | 38.26 | NOTE | |
r-release-linux-x86_64 | 0.2-7 | 2.14 | 35.89 | 38.03 | NOTE | |
r-release-macos-arm64 | 0.2-7 | 23.00 | NOTE | |||
r-release-macos-x86_64 | 0.2-7 | 32.00 | NOTE | |||
r-release-windows-x86_64 | 0.2-7 | 6.00 | 59.00 | 65.00 | NOTE | |
r-oldrel-macos-arm64 | 0.2-7 | 27.00 | NOTE | |||
r-oldrel-macos-x86_64 | 0.2-7 | 30.00 | NOTE | |||
r-oldrel-windows-x86_64 | 0.2-7 | 4.00 | 60.00 | 64.00 | NOTE |
Version: 0.2-7
Check: package dependencies
Result: NOTE
Package suggested but not available for checking: ‘openNLPmodels.en’
Flavors: r-patched-linux-x86_64, r-release-linux-x86_64, r-release-macos-arm64, r-release-macos-x86_64, r-release-windows-x86_64, r-oldrel-macos-arm64, r-oldrel-macos-x86_64, r-oldrel-windows-x86_64