Last updated on 2025-02-21 09:50:54 CET.
Flavor | Version | Tinstall | Tcheck | Ttotal | Status | Flags |
---|---|---|---|---|---|---|
r-devel-linux-x86_64-debian-clang | 1.7 | 4.74 | 56.29 | 61.03 | OK | |
r-devel-linux-x86_64-debian-gcc | 1.7 | 0.28 | 1.74 | 2.02 | ERROR | |
r-devel-linux-x86_64-fedora-clang | 1.7 | 94.73 | OK | |||
r-devel-linux-x86_64-fedora-gcc | 1.7 | 105.60 | OK | |||
r-devel-macos-arm64 | 1.7 | 38.00 | OK | |||
r-devel-macos-x86_64 | 1.7 | 67.00 | OK | |||
r-devel-windows-x86_64 | 1.7 | 6.00 | 81.00 | 87.00 | OK | |
r-patched-linux-x86_64 | 1.7 | 4.94 | 53.34 | 58.28 | OK | |
r-release-linux-x86_64 | 1.7 | 3.40 | 53.54 | 56.94 | OK | |
r-release-macos-arm64 | 1.7 | 37.00 | OK | |||
r-release-macos-x86_64 | 1.7 | 55.00 | OK | |||
r-release-windows-x86_64 | 1.7 | 5.00 | 81.00 | 86.00 | OK | |
r-oldrel-macos-arm64 | 1.7 | 40.00 | OK | |||
r-oldrel-macos-x86_64 | 1.7 | 67.00 | OK | |||
r-oldrel-windows-x86_64 | 1.7 | 6.00 | 86.00 | 92.00 | OK |
Version: 1.7
Check: package dependencies
Result: ERROR
Package required but not available: ‘Rgraphviz’
See section ‘The DESCRIPTION file’ in the ‘Writing R Extensions’
manual.
Flavor: r-devel-linux-x86_64-debian-gcc