Last updated on 2025-10-30 08:51:21 CET.
| Flavor | Version | Tinstall | Tcheck | Ttotal | Status | Flags |
|---|---|---|---|---|---|---|
| r-devel-linux-x86_64-debian-clang | 1.0 | 1.75 | 25.69 | 27.44 | NOTE | |
| r-devel-linux-x86_64-debian-gcc | 1.0 | 1.52 | 19.62 | 21.14 | NOTE | |
| r-devel-linux-x86_64-fedora-clang | 1.0 | 42.16 | OK | |||
| r-devel-linux-x86_64-fedora-gcc | 1.0 | 41.40 | OK | |||
| r-devel-windows-x86_64 | 1.0 | 3.00 | 41.00 | 44.00 | OK | |
| r-patched-linux-x86_64 | 1.0 | 2.19 | 24.53 | 26.72 | OK | |
| r-release-linux-x86_64 | 1.0 | 2.09 | 24.44 | 26.53 | OK | |
| r-release-macos-arm64 | 1.0 | 1.00 | 19.00 | 20.00 | OK | |
| r-release-macos-x86_64 | 1.0 | 3.00 | 30.00 | 33.00 | OK | |
| r-release-windows-x86_64 | 1.0 | 3.00 | 47.00 | 50.00 | OK | |
| r-oldrel-macos-arm64 | 1.0 | 1.00 | 17.00 | 18.00 | OK | |
| r-oldrel-macos-x86_64 | 1.0 | 2.00 | 23.00 | 25.00 | OK | |
| r-oldrel-windows-x86_64 | 1.0 | 3.00 | 42.00 | 45.00 | OK |
Version: 1.0
Check: CRAN incoming feasibility
Result: NOTE
Maintainer: ‘Tianshi Lu <tianshi.lu@utsouthwestern.edu>’
No Authors@R field in DESCRIPTION.
Please add one, modifying
Authors@R: person(given = "Tianshi",
family = "Lu",
role = c("aut", "cre"),
email = "tianshi.lu@utsouthwestern.edu")
as necessary.
Flavors: r-devel-linux-x86_64-debian-clang, r-devel-linux-x86_64-debian-gcc