Last updated on 2025-02-21 09:50:52 CET.
Flavor | Version | Tinstall | Tcheck | Ttotal | Status | Flags |
---|---|---|---|---|---|---|
r-devel-linux-x86_64-debian-clang | 2.0.1 | 7.16 | 54.30 | 61.46 | OK | |
r-devel-linux-x86_64-debian-gcc | 2.0.1 | 4.52 | 37.85 | 42.37 | OK | |
r-devel-linux-x86_64-fedora-clang | 2.0.1 | 92.30 | NOTE | |||
r-devel-linux-x86_64-fedora-gcc | 2.0.1 | 87.67 | NOTE | |||
r-devel-macos-arm64 | 2.0.1 | 32.00 | OK | |||
r-devel-macos-x86_64 | 2.0.1 | 87.00 | OK | |||
r-devel-windows-x86_64 | 2.0.1 | 9.00 | 81.00 | 90.00 | OK | |
r-patched-linux-x86_64 | 2.0.1 | 6.61 | 49.54 | 56.15 | OK | |
r-release-linux-x86_64 | 2.0.1 | 5.74 | 49.28 | 55.02 | OK | |
r-release-macos-arm64 | 2.0.1 | 34.00 | OK | |||
r-release-macos-x86_64 | 2.0.1 | 44.00 | OK | |||
r-release-windows-x86_64 | 2.0.1 | 9.00 | 72.00 | 81.00 | OK | |
r-oldrel-macos-arm64 | 2.0.1 | 40.00 | OK | |||
r-oldrel-macos-x86_64 | 2.0.1 | 69.00 | OK | |||
r-oldrel-windows-x86_64 | 2.0.1 | 10.00 | 112.00 | 122.00 | OK |
Version: 2.0.1
Check: dependencies in R code
Result: NOTE
Namespace in Imports field not imported from: ‘tibble’
All declared Imports should be used.
Flavors: r-devel-linux-x86_64-fedora-clang, r-devel-linux-x86_64-fedora-gcc