CRAN Package Check Results for Package magicLamp

Last updated on 2025-02-21 09:50:48 CET.

Flavor Version Tinstall Tcheck Ttotal Status Flags
r-devel-linux-x86_64-debian-clang 0.1.0 1.73 16.84 18.57 OK
r-devel-linux-x86_64-debian-gcc 0.1.0 1.47 13.62 15.09 OK
r-devel-linux-x86_64-fedora-clang 0.1.0 29.14 OK
r-devel-linux-x86_64-fedora-gcc 0.1.0 27.99 OK
r-devel-macos-arm64 0.1.0 16.00 OK
r-devel-macos-x86_64 0.1.0 24.00 OK
r-devel-windows-x86_64 0.1.0 3.00 39.00 42.00 OK
r-patched-linux-x86_64 0.1.0 1.78 15.95 17.73 NOTE
r-release-linux-x86_64 0.1.0 1.64 16.10 17.74 NOTE
r-release-macos-arm64 0.1.0 16.00 NOTE
r-release-macos-x86_64 0.1.0 19.00 NOTE
r-release-windows-x86_64 0.1.0 3.00 41.00 44.00 NOTE
r-oldrel-macos-arm64 0.1.0 16.00 NOTE
r-oldrel-macos-x86_64 0.1.0 18.00 NOTE
r-oldrel-windows-x86_64 0.1.0 3.00 40.00 43.00 NOTE

Check Details

Version: 0.1.0
Check: LazyData
Result: NOTE 'LazyData' is specified without a 'data' directory Flavors: r-patched-linux-x86_64, r-release-linux-x86_64, r-release-macos-arm64, r-release-macos-x86_64, r-release-windows-x86_64, r-oldrel-macos-arm64, r-oldrel-macos-x86_64, r-oldrel-windows-x86_64