Last updated on 2025-02-21 09:50:48 CET.
Flavor | Version | Tinstall | Tcheck | Ttotal | Status | Flags |
---|---|---|---|---|---|---|
r-devel-linux-x86_64-debian-clang | 1.0.2 | 18.79 | 65.85 | 84.64 | NOTE | |
r-devel-linux-x86_64-debian-gcc | 1.0.2 | 12.91 | 44.87 | 57.78 | NOTE | |
r-devel-linux-x86_64-fedora-clang | 1.0.2 | 141.30 | OK | |||
r-devel-linux-x86_64-fedora-gcc | 1.0.2 | 145.64 | OK | |||
r-devel-macos-arm64 | 1.0.2 | 45.00 | OK | |||
r-devel-macos-x86_64 | 1.0.2 | 115.00 | OK | |||
r-devel-windows-x86_64 | 1.0.2 | 24.00 | 103.00 | 127.00 | NOTE | |
r-patched-linux-x86_64 | 1.0.2 | 23.21 | 59.25 | 82.46 | NOTE | |
r-release-linux-x86_64 | 1.0.2 | 18.72 | 60.17 | 78.89 | NOTE | |
r-release-macos-arm64 | 1.0.2 | 48.00 | NOTE | |||
r-release-macos-x86_64 | 1.0.2 | 66.00 | NOTE | |||
r-release-windows-x86_64 | 1.0.2 | 26.00 | 104.00 | 130.00 | NOTE | |
r-oldrel-macos-arm64 | 1.0.2 | 50.00 | NOTE | |||
r-oldrel-macos-x86_64 | 1.0.2 | 79.00 | NOTE | |||
r-oldrel-windows-x86_64 | 1.0.2 | 32.00 | 112.00 | 144.00 | NOTE |
Version: 1.0.2
Check: Rd cross-references
Result: NOTE
Found the following Rd file(s) with Rd \link{} targets missing package
anchors:
factor_poly.Rd: mp
gb.Rd: mp, mpolyList
ideal.Rd: mp
Please provide package anchors for all Rd \link{} targets not in the
package itself and the base packages.
Flavors: r-devel-linux-x86_64-debian-clang, r-devel-linux-x86_64-debian-gcc, r-devel-windows-x86_64
Version: 1.0.2
Check: LazyData
Result: NOTE
'LazyData' is specified without a 'data' directory
Flavors: r-patched-linux-x86_64, r-release-linux-x86_64, r-release-macos-arm64, r-release-macos-x86_64, r-release-windows-x86_64, r-oldrel-macos-arm64, r-oldrel-macos-x86_64, r-oldrel-windows-x86_64