CRAN Package Check Results for Package longurl

Last updated on 2025-07-12 09:49:22 CEST.

Flavor Version Tinstall Tcheck Ttotal Status Flags
r-devel-linux-x86_64-debian-clang 0.3.3 1.55 19.32 20.87 OK
r-devel-linux-x86_64-debian-gcc 0.3.3 1.35 15.73 17.08 OK
r-devel-linux-x86_64-fedora-clang 0.3.3 31.06 OK
r-devel-linux-x86_64-fedora-gcc 0.3.3 29.62 OK
r-devel-windows-x86_64 0.3.3 4.00 48.00 52.00 OK
r-patched-linux-x86_64 0.3.3 1.70 18.53 20.23 OK
r-release-linux-x86_64 0.3.3 1.64 18.43 20.07 OK
r-release-macos-arm64 0.3.3 42.00 OK
r-release-macos-x86_64 0.3.3 47.00 OK
r-release-windows-x86_64 0.3.3 3.00 49.00 52.00 OK
r-oldrel-macos-arm64 0.3.3 48.00 NOTE
r-oldrel-macos-x86_64 0.3.3 50.00 NOTE
r-oldrel-windows-x86_64 0.3.3 3.00 51.00 54.00 NOTE

Check Details

Version: 0.3.3
Check: LazyData
Result: NOTE 'LazyData' is specified without a 'data' directory Flavors: r-oldrel-macos-arm64, r-oldrel-macos-x86_64, r-oldrel-windows-x86_64