Last updated on 2025-10-30 08:51:18 CET.
| Flavor | Version | Tinstall | Tcheck | Ttotal | Status | Flags | 
|---|---|---|---|---|---|---|
| r-devel-linux-x86_64-debian-clang | 1.0 | 1.66 | 18.73 | 20.39 | NOTE | |
| r-devel-linux-x86_64-debian-gcc | 1.0 | 1.42 | 15.61 | 17.03 | NOTE | |
| r-devel-linux-x86_64-fedora-clang | 1.0 | 30.93 | OK | |||
| r-devel-linux-x86_64-fedora-gcc | 1.0 | 27.97 | OK | |||
| r-devel-windows-x86_64 | 1.0 | 2.00 | 34.00 | 36.00 | OK | |
| r-patched-linux-x86_64 | 1.0 | 1.73 | 17.60 | 19.33 | OK | |
| r-release-linux-x86_64 | 1.0 | 1.77 | 18.17 | 19.94 | OK | |
| r-release-macos-arm64 | 1.0 | 1.00 | 13.00 | 14.00 | OK | |
| r-release-macos-x86_64 | 1.0 | 2.00 | 20.00 | 22.00 | OK | |
| r-release-windows-x86_64 | 1.0 | 4.00 | 39.00 | 43.00 | OK | |
| r-oldrel-macos-arm64 | 1.0 | 1.00 | 13.00 | 14.00 | NOTE | |
| r-oldrel-macos-x86_64 | 1.0 | 1.00 | 18.00 | 19.00 | NOTE | |
| r-oldrel-windows-x86_64 | 1.0 | 3.00 | 37.00 | 40.00 | NOTE | 
Version: 1.0
Check: CRAN incoming feasibility
Result: NOTE
  Maintainer: ‘Ying Ruan <y.ruan.16@ucl.ac.uk>’
  
  No Authors@R field in DESCRIPTION.
  Please add one, modifying
    Authors@R: person(given = "Ying",
                      family = "Ruan",
                      role = c("aut", "cre"),
                      email = "y.ruan.16@ucl.ac.uk")
  as necessary.
Flavors: r-devel-linux-x86_64-debian-clang, r-devel-linux-x86_64-debian-gcc
Version: 1.0
Check: LazyData
Result: NOTE
    'LazyData' is specified without a 'data' directory
Flavors: r-oldrel-macos-arm64, r-oldrel-macos-x86_64, r-oldrel-windows-x86_64