Last updated on 2025-07-12 09:49:21 CEST.
Flavor | Version | Tinstall | Tcheck | Ttotal | Status | Flags |
---|---|---|---|---|---|---|
r-devel-linux-x86_64-debian-clang | 0.1.0 | 5.84 | 55.45 | 61.29 | OK | |
r-devel-linux-x86_64-debian-gcc | 0.1.0 | 4.67 | 40.95 | 45.62 | OK | |
r-devel-linux-x86_64-fedora-clang | 0.1.0 | 100.10 | NOTE | |||
r-devel-linux-x86_64-fedora-gcc | 0.1.0 | 97.15 | NOTE | |||
r-devel-windows-x86_64 | 0.1.0 | 9.00 | 71.00 | 80.00 | OK | |
r-patched-linux-x86_64 | 0.1.0 | 5.66 | 51.28 | 56.94 | OK | |
r-release-linux-x86_64 | 0.1.0 | 4.20 | 51.12 | 55.32 | OK | |
r-release-macos-arm64 | 0.1.0 | 32.00 | OK | |||
r-release-macos-x86_64 | 0.1.0 | 59.00 | OK | |||
r-release-windows-x86_64 | 0.1.0 | 9.00 | 71.00 | 80.00 | OK | |
r-oldrel-macos-arm64 | 0.1.0 | 31.00 | OK | |||
r-oldrel-macos-x86_64 | 0.1.0 | 52.00 | OK | |||
r-oldrel-windows-x86_64 | 0.1.0 | 11.00 | 85.00 | 96.00 | OK |
Version: 0.1.0
Check: dependencies in R code
Result: NOTE
Namespaces in Imports field not imported from:
‘fBasics’ ‘reshape’ ‘tidyr’ ‘utils’
All declared Imports should be used.
Flavors: r-devel-linux-x86_64-fedora-clang, r-devel-linux-x86_64-fedora-gcc