Last updated on 2025-07-12 09:49:21 CEST.
Flavor | Version | Tinstall | Tcheck | Ttotal | Status | Flags |
---|---|---|---|---|---|---|
r-devel-linux-x86_64-debian-clang | 0.1.0 | 369.74 | 142.17 | 511.91 | OK | |
r-devel-linux-x86_64-debian-gcc | 0.1.0 | 321.86 | 124.45 | 446.31 | WARN | |
r-devel-linux-x86_64-fedora-clang | 0.1.0 | 785.39 | OK | |||
r-devel-linux-x86_64-fedora-gcc | 0.1.0 | 1039.69 | OK | |||
r-patched-linux-x86_64 | 0.1.0 | 436.80 | 170.15 | 606.95 | OK | |
r-release-macos-x86_64 | 0.1.0 | 283.00 | OK | |||
r-release-windows-x86_64 | 0.1.0 | 354.00 | 182.00 | 536.00 | OK | |
r-oldrel-macos-x86_64 | 0.1.0 | 235.00 | NOTE | |||
r-oldrel-windows-x86_64 | 0.1.0 | 252.00 | 231.00 | 483.00 | OK |
Version: 0.1.0
Check: replacement functions
Result: WARN
‘plot.:.icm_stanfit’ ‘summary.:.icm_stanfit’ ‘plot.:.icm_stanfit’
‘summary.:.icm_stanfit’
The argument of a replacement function which corresponds to the right
hand side must be named ‘value’.
Flavor: r-devel-linux-x86_64-debian-gcc
Version: 0.1.0
Check: installed package size
Result: NOTE
installed size is 119.1Mb
sub-directories of 1Mb or more:
libs 118.7Mb
Flavor: r-oldrel-macos-x86_64
Version: 0.1.0
Check: for GNU extensions in Makefiles
Result: NOTE
GNU make is a SystemRequirements.
Flavor: r-oldrel-macos-x86_64