Last updated on 2025-07-12 09:49:20 CEST.
Flavor | Version | Tinstall | Tcheck | Ttotal | Status | Flags |
---|---|---|---|---|---|---|
r-devel-linux-x86_64-debian-clang | 0.1.1 | 1.85 | 24.37 | 26.22 | OK | |
r-devel-linux-x86_64-debian-gcc | 0.1.1 | 1.64 | 20.12 | 21.76 | OK | |
r-devel-linux-x86_64-fedora-clang | 0.1.1 | 40.29 | OK | |||
r-devel-linux-x86_64-fedora-gcc | 0.1.1 | 34.83 | OK | |||
r-devel-windows-x86_64 | 0.1.1 | 4.00 | 46.00 | 50.00 | OK | |
r-patched-linux-x86_64 | 0.1.1 | 2.15 | 21.90 | 24.05 | OK | |
r-release-linux-x86_64 | 0.1.1 | 1.82 | 21.76 | 23.58 | OK | |
r-release-macos-arm64 | 0.1.1 | 22.00 | OK | |||
r-release-macos-x86_64 | 0.1.1 | 28.00 | OK | |||
r-release-windows-x86_64 | 0.1.1 | 3.00 | 46.00 | 49.00 | OK | |
r-oldrel-macos-arm64 | 0.1.1 | 25.00 | NOTE | |||
r-oldrel-macos-x86_64 | 0.1.1 | 29.00 | NOTE | |||
r-oldrel-windows-x86_64 | 0.1.1 | 4.00 | 52.00 | 56.00 | NOTE |
Version: 0.1.1
Check: LazyData
Result: NOTE
'LazyData' is specified without a 'data' directory
Flavors: r-oldrel-macos-arm64, r-oldrel-macos-x86_64, r-oldrel-windows-x86_64