Last updated on 2025-07-13 09:49:42 CEST.
Flavor | Version | Tinstall | Tcheck | Ttotal | Status | Flags |
---|---|---|---|---|---|---|
r-devel-linux-x86_64-debian-clang | 0.0.1 | 20.73 | 20.88 | 41.61 | OK | |
r-devel-linux-x86_64-debian-gcc | 0.0.1 | 16.38 | 17.18 | 33.56 | OK | |
r-devel-linux-x86_64-fedora-clang | 0.0.1 | 60.26 | OK | |||
r-devel-linux-x86_64-fedora-gcc | 0.0.1 | 59.69 | OK | |||
r-devel-windows-x86_64 | 0.0.1 | 21.00 | 38.00 | 59.00 | OK | |
r-patched-linux-x86_64 | 0.0.1 | 21.54 | 18.33 | 39.87 | OK | |
r-release-linux-x86_64 | 0.0.1 | 20.31 | 18.17 | 38.48 | OK | |
r-release-macos-arm64 | 0.0.1 | 31.00 | OK | |||
r-release-macos-x86_64 | 0.0.1 | 47.00 | OK | |||
r-release-windows-x86_64 | 0.0.1 | 21.00 | 41.00 | 62.00 | OK | |
r-oldrel-macos-arm64 | 0.0.1 | 36.00 | NOTE | |||
r-oldrel-macos-x86_64 | 0.0.1 | 47.00 | NOTE | |||
r-oldrel-windows-x86_64 | 0.0.1 | 20.00 | 41.00 | 61.00 | NOTE |
Version: 0.0.1
Check: installed package size
Result: NOTE
installed size is 5.4Mb
sub-directories of 1Mb or more:
data 5.2Mb
Flavors: r-oldrel-macos-arm64, r-oldrel-macos-x86_64, r-oldrel-windows-x86_64