CRAN Package Check Results for Package hakaiApi

Last updated on 2025-07-11 09:50:08 CEST.

Flavor Version Tinstall Tcheck Ttotal Status Flags
r-devel-linux-x86_64-debian-clang 1.0.4 0.30 3.15 3.45 ERROR
r-devel-linux-x86_64-debian-gcc 1.0.4 0.27 2.60 2.87 ERROR
r-devel-linux-x86_64-fedora-clang 1.0.5 68.94 OK
r-devel-linux-x86_64-fedora-gcc 1.0.5 80.76 OK
r-devel-windows-x86_64 1.0.3 6.00 56.00 62.00 OK
r-patched-linux-x86_64 1.0.3 4.87 36.91 41.78 OK
r-release-linux-x86_64 1.0.3 4.65 36.80 41.45 OK
r-release-macos-arm64 1.0.3 33.00 OK
r-release-macos-x86_64 1.0.4 76.00 OK
r-release-windows-x86_64 1.0.5 9.00 57.00 66.00 OK
r-oldrel-macos-arm64 1.0.3 43.00 OK
r-oldrel-macos-x86_64 1.0.4 60.00 OK
r-oldrel-windows-x86_64 1.0.4 9.00 65.00 74.00 OK

Check Details

Version: 1.0.4
Check: whether package can be installed
Result: ERROR Installation failed. Flavors: r-devel-linux-x86_64-debian-clang, r-devel-linux-x86_64-debian-gcc