CRAN Package Check Results for Package gwasforest

Last updated on 2025-02-21 09:50:46 CET.

Flavor Version Tinstall Tcheck Ttotal Status Flags
r-devel-linux-x86_64-debian-clang 1.0.0 2.01 19.91 21.92 OK
r-devel-linux-x86_64-debian-gcc 1.0.0 1.52 15.50 17.02 OK
r-devel-linux-x86_64-fedora-clang 1.0.0 34.10 OK
r-devel-linux-x86_64-fedora-gcc 1.0.0 32.82 OK
r-devel-macos-arm64 1.0.0 18.00 OK
r-devel-macos-x86_64 1.0.0 25.00 OK
r-devel-windows-x86_64 1.0.0 4.00 41.00 45.00 OK
r-patched-linux-x86_64 1.0.0 1.95 18.66 20.61 NOTE
r-release-linux-x86_64 1.0.0 2.01 19.19 21.20 NOTE
r-release-macos-arm64 1.0.0 16.00 NOTE
r-release-macos-x86_64 1.0.0 25.00 NOTE
r-release-windows-x86_64 1.0.0 4.00 41.00 45.00 NOTE
r-oldrel-macos-arm64 1.0.0 18.00 NOTE
r-oldrel-macos-x86_64 1.0.0 21.00 NOTE
r-oldrel-windows-x86_64 1.0.0 4.00 69.00 73.00 NOTE

Check Details

Version: 1.0.0
Check: LazyData
Result: NOTE 'LazyData' is specified without a 'data' directory Flavors: r-patched-linux-x86_64, r-release-linux-x86_64, r-release-macos-arm64, r-release-macos-x86_64, r-release-windows-x86_64, r-oldrel-macos-arm64, r-oldrel-macos-x86_64, r-oldrel-windows-x86_64