CRAN Package Check Results for Package garray

Last updated on 2025-02-21 09:50:45 CET.

Flavor Version Tinstall Tcheck Ttotal Status Flags
r-devel-linux-x86_64-debian-clang 1.1.2 2.79 22.11 24.90 NOTE
r-devel-linux-x86_64-debian-gcc 1.1.2 2.03 17.21 19.24 NOTE
r-devel-linux-x86_64-fedora-clang 1.1.2 39.89 NOTE
r-devel-linux-x86_64-fedora-gcc 1.1.2 37.90 NOTE
r-devel-macos-arm64 1.1.2 13.00 NOTE
r-devel-macos-x86_64 1.1.2 36.00 NOTE
r-devel-windows-x86_64 1.1.2 4.00 45.00 49.00 NOTE
r-patched-linux-x86_64 1.1.2 3.01 21.40 24.41 NOTE
r-release-linux-x86_64 1.1.2 2.64 21.29 23.93 NOTE
r-release-macos-arm64 1.1.2 15.00 NOTE
r-release-macos-x86_64 1.1.2 23.00 NOTE
r-release-windows-x86_64 1.1.2 3.00 43.00 46.00 NOTE
r-oldrel-macos-arm64 1.1.2 17.00 OK
r-oldrel-macos-x86_64 1.1.2 22.00 OK
r-oldrel-windows-x86_64 1.1.2 6.00 44.00 50.00 OK

Check Details

Version: 1.1.2
Check: Rd files
Result: NOTE checkRd: (-1) read.ctable.Rd:19: Lost braces; missing escapes or markup? 19 | a integer scalar which is the index ({icol,irow}) of {row,col}-header | ^ checkRd: (-1) read.ctable.Rd:19: Lost braces; missing escapes or markup? 19 | a integer scalar which is the index ({icol,irow}) of {row,col}-header | ^ checkRd: (-1) read.ctable.Rd:29: Lost braces; missing escapes or markup? 29 | output array, {row,col}.names are not necessary \code{dimnames[[1]]} and | ^ Flavors: r-devel-linux-x86_64-debian-clang, r-devel-linux-x86_64-debian-gcc, r-devel-linux-x86_64-fedora-clang, r-devel-linux-x86_64-fedora-gcc, r-devel-macos-arm64, r-devel-macos-x86_64, r-devel-windows-x86_64, r-patched-linux-x86_64, r-release-linux-x86_64, r-release-macos-arm64, r-release-macos-x86_64, r-release-windows-x86_64