Last updated on 2025-02-21 09:50:44 CET.
Flavor | Version | Tinstall | Tcheck | Ttotal | Status | Flags |
---|---|---|---|---|---|---|
r-devel-linux-x86_64-debian-clang | 0.8-5 | 3.23 | 26.80 | 30.03 | OK | |
r-devel-linux-x86_64-debian-gcc | 0.8-5 | 2.12 | 21.14 | 23.26 | OK | |
r-devel-linux-x86_64-fedora-clang | 0.8-5 | 49.35 | OK | |||
r-devel-linux-x86_64-fedora-gcc | 0.8-5 | 47.32 | OK | |||
r-devel-macos-arm64 | 0.8-5 | 22.00 | OK | |||
r-devel-macos-x86_64 | 0.8-5 | 34.00 | OK | |||
r-devel-windows-x86_64 | 0.8-5 | 4.00 | 54.00 | 58.00 | OK | |
r-patched-linux-x86_64 | 0.8-5 | 2.62 | 25.57 | 28.19 | NOTE | |
r-release-linux-x86_64 | 0.8-5 | 2.54 | 25.91 | 28.45 | NOTE | |
r-release-macos-arm64 | 0.8-5 | 28.00 | NOTE | |||
r-release-macos-x86_64 | 0.8-5 | 30.00 | NOTE | |||
r-release-windows-x86_64 | 0.8-5 | 5.00 | 53.00 | 58.00 | NOTE | |
r-oldrel-macos-arm64 | 0.8-5 | 20.00 | NOTE | |||
r-oldrel-macos-x86_64 | 0.8-5 | 27.00 | NOTE | |||
r-oldrel-windows-x86_64 | 0.8-5 | 3.00 | 56.00 | 59.00 | NOTE |
Version: 0.8-5
Check: package dependencies
Result: NOTE
Package suggested but not available for checking: ‘RandomFields’
Flavors: r-patched-linux-x86_64, r-release-linux-x86_64, r-release-macos-arm64, r-release-macos-x86_64, r-release-windows-x86_64, r-oldrel-macos-arm64, r-oldrel-macos-x86_64, r-oldrel-windows-x86_64