CRAN Package Check Results for Package featurizer

Last updated on 2025-10-30 08:51:14 CET.

Flavor Version Tinstall Tcheck Ttotal Status Flags
r-devel-linux-x86_64-debian-clang 0.2 1.61 18.63 20.24 OK
r-devel-linux-x86_64-debian-gcc 0.2 1.34 15.41 16.75 OK
r-devel-linux-x86_64-fedora-clang 0.2 31.27 OK
r-devel-linux-x86_64-fedora-gcc 0.2 28.73 OK
r-devel-windows-x86_64 0.2 3.00 38.00 41.00 OK
r-patched-linux-x86_64 0.2 1.69 17.71 19.40 OK
r-release-linux-x86_64 0.2 1.70 17.65 19.35 OK
r-release-macos-arm64 0.2 1.00 15.00 16.00 OK
r-release-macos-x86_64 0.2 2.00 22.00 24.00 OK
r-release-windows-x86_64 0.2 3.00 44.00 47.00 OK
r-oldrel-macos-arm64 0.2 1.00 14.00 15.00 NOTE
r-oldrel-macos-x86_64 0.2 2.00 19.00 21.00 NOTE
r-oldrel-windows-x86_64 0.2 2.00 39.00 41.00 NOTE

Check Details

Version: 0.2
Check: LazyData
Result: NOTE 'LazyData' is specified without a 'data' directory Flavors: r-oldrel-macos-arm64, r-oldrel-macos-x86_64, r-oldrel-windows-x86_64