Last updated on 2025-02-21 09:50:44 CET.
Flavor | Version | Tinstall | Tcheck | Ttotal | Status | Flags |
---|---|---|---|---|---|---|
r-devel-linux-x86_64-debian-clang | 0.2 | 1.71 | 16.81 | 18.52 | OK | |
r-devel-linux-x86_64-debian-gcc | 0.2 | 1.37 | 14.04 | 15.41 | OK | |
r-devel-linux-x86_64-fedora-clang | 0.2 | 29.53 | OK | |||
r-devel-linux-x86_64-fedora-gcc | 0.2 | 28.96 | OK | |||
r-devel-macos-arm64 | 0.2 | 12.00 | OK | |||
r-devel-macos-x86_64 | 0.2 | 24.00 | OK | |||
r-devel-windows-x86_64 | 0.2 | 4.00 | 40.00 | 44.00 | OK | |
r-patched-linux-x86_64 | 0.2 | 1.79 | 15.86 | 17.65 | NOTE | |
r-release-linux-x86_64 | 0.2 | 1.63 | 16.06 | 17.69 | NOTE | |
r-release-macos-arm64 | 0.2 | 15.00 | NOTE | |||
r-release-macos-x86_64 | 0.2 | 21.00 | NOTE | |||
r-release-windows-x86_64 | 0.2 | 2.00 | 39.00 | 41.00 | NOTE | |
r-oldrel-macos-arm64 | 0.2 | 16.00 | NOTE | |||
r-oldrel-macos-x86_64 | 0.2 | 19.00 | NOTE | |||
r-oldrel-windows-x86_64 | 0.2 | 7.00 | 40.00 | 47.00 | NOTE |
Version: 0.2
Check: LazyData
Result: NOTE
'LazyData' is specified without a 'data' directory
Flavors: r-patched-linux-x86_64, r-release-linux-x86_64, r-release-macos-arm64, r-release-macos-x86_64, r-release-windows-x86_64, r-oldrel-macos-arm64, r-oldrel-macos-x86_64, r-oldrel-windows-x86_64