Last updated on 2025-02-21 09:50:44 CET.
Flavor | Version | Tinstall | Tcheck | Ttotal | Status | Flags |
---|---|---|---|---|---|---|
r-devel-linux-x86_64-debian-clang | 1.5 | 15.56 | 148.31 | 163.87 | NOTE | |
r-devel-linux-x86_64-debian-gcc | 1.5 | 11.65 | 101.33 | 112.98 | NOTE | |
r-devel-linux-x86_64-fedora-clang | 1.5 | 273.93 | OK | |||
r-devel-linux-x86_64-fedora-gcc | 1.5 | 246.29 | OK | |||
r-devel-macos-arm64 | 1.5 | 88.00 | OK | |||
r-devel-macos-x86_64 | 1.5 | 138.00 | OK | |||
r-devel-windows-x86_64 | 1.5 | 14.00 | 163.00 | 177.00 | NOTE | |
r-patched-linux-x86_64 | 1.5 | 21.55 | 136.41 | 157.96 | OK | |
r-release-linux-x86_64 | 1.5 | 13.48 | 135.62 | 149.10 | OK | |
r-release-macos-arm64 | 1.5 | 92.00 | OK | |||
r-release-macos-x86_64 | 1.5 | 120.00 | OK | |||
r-release-windows-x86_64 | 1.5 | 14.00 | 167.00 | 181.00 | OK | |
r-oldrel-macos-arm64 | 1.5 | 76.00 | OK | |||
r-oldrel-macos-x86_64 | 1.5 | 123.00 | OK | |||
r-oldrel-windows-x86_64 | 1.5 | 20.00 | 184.00 | 204.00 | OK |
Version: 1.5
Check: Rd cross-references
Result: NOTE
Found the following Rd file(s) with Rd \link{} targets missing package
anchors:
kmPredictWrapper.Rd: predict.km, fast99
Please provide package anchors for all Rd \link{} targets not in the
package itself and the base packages.
Flavors: r-devel-linux-x86_64-debian-clang, r-devel-linux-x86_64-debian-gcc, r-devel-windows-x86_64