CRAN Package Check Results for Package fabricerin

Last updated on 2025-07-13 09:49:40 CEST.

Flavor Version Tinstall Tcheck Ttotal Status Flags
r-devel-linux-x86_64-debian-clang 0.1.2 1.55 19.97 21.52 OK
r-devel-linux-x86_64-debian-gcc 0.1.2 1.55 16.78 18.33 OK
r-devel-linux-x86_64-fedora-clang 0.1.2 31.90 OK
r-devel-linux-x86_64-fedora-gcc 0.1.2 29.69 OK
r-devel-windows-x86_64 0.1.2 3.00 40.00 43.00 OK
r-patched-linux-x86_64 0.1.2 2.13 17.68 19.81 OK
r-release-linux-x86_64 0.1.2 1.66 17.69 19.35 OK
r-release-macos-arm64 0.1.2 16.00 OK
r-release-macos-x86_64 0.1.2 25.00 OK
r-release-windows-x86_64 0.1.2 3.00 42.00 45.00 OK
r-oldrel-macos-arm64 0.1.2 14.00 NOTE
r-oldrel-macos-x86_64 0.1.2 20.00 NOTE
r-oldrel-windows-x86_64 0.1.2 4.00 45.00 49.00 NOTE

Check Details

Version: 0.1.2
Check: LazyData
Result: NOTE 'LazyData' is specified without a 'data' directory Flavors: r-oldrel-macos-arm64, r-oldrel-macos-x86_64, r-oldrel-windows-x86_64