CRAN Package Check Results for Package fabPrediction

Last updated on 2025-07-12 09:49:18 CEST.

Flavor Version Tinstall Tcheck Ttotal Status Flags
r-devel-linux-x86_64-debian-clang 1.0.4 2.53 29.91 32.44 NOTE
r-devel-linux-x86_64-debian-gcc 1.0.4 1.74 24.51 26.25 NOTE
r-devel-linux-x86_64-fedora-clang 1.0.4 49.06 OK
r-devel-linux-x86_64-fedora-gcc 1.0.4 59.48 OK
r-devel-windows-x86_64 1.0.4 4.00 52.00 56.00 OK
r-patched-linux-x86_64 1.0.4 2.65 27.30 29.95 OK
r-release-linux-x86_64 1.0.4 2.25 27.13 29.38 OK
r-release-macos-arm64 1.0.4 40.00 OK
r-release-macos-x86_64 1.0.4 61.00 OK
r-release-windows-x86_64 1.0.4 5.00 52.00 57.00 OK
r-oldrel-macos-arm64 1.0.4 26.00 OK
r-oldrel-macos-x86_64 1.0.4 36.00 OK
r-oldrel-windows-x86_64 1.0.4 5.00 57.00 62.00 OK

Check Details

Version: 1.0.4
Check: CRAN incoming feasibility
Result: NOTE Maintainer: ‘Elizabeth Bersson <elizabeth.bersson@duke.edu>’ The Description field contains <arXiv:2204.08122> "Optimal Conformal Prediction for Small Areas". Please refer to arXiv e-prints via their arXiv DOI <doi:10.48550/arXiv.YYMM.NNNNN>. Flavors: r-devel-linux-x86_64-debian-clang, r-devel-linux-x86_64-debian-gcc