CRAN Package Check Results for Package ez.combat

Last updated on 2025-10-30 08:51:14 CET.

Flavor Version Tinstall Tcheck Ttotal Status Flags
r-devel-linux-x86_64-debian-clang 1.0.0 1.69 19.30 20.99 NOTE
r-devel-linux-x86_64-debian-gcc 1.0.0 1.43 16.11 17.54 NOTE
r-devel-linux-x86_64-fedora-clang 1.0.0 30.51 OK
r-devel-linux-x86_64-fedora-gcc 1.0.0 29.35 OK
r-devel-windows-x86_64 1.0.0 3.00 38.00 41.00 OK
r-patched-linux-x86_64 1.0.0 1.86 18.15 20.01 OK
r-release-linux-x86_64 1.0.0 1.61 18.26 19.87 OK
r-release-macos-arm64 1.0.0 1.00 15.00 16.00 OK
r-release-macos-x86_64 1.0.0 2.00 21.00 23.00 OK
r-release-windows-x86_64 1.0.0 3.00 40.00 43.00 OK
r-oldrel-macos-arm64 1.0.0 1.00 13.00 14.00 OK
r-oldrel-macos-x86_64 1.0.0 1.00 18.00 19.00 OK
r-oldrel-windows-x86_64 1.0.0 3.00 45.00 48.00 OK

Check Details

Version: 1.0.0
Check: CRAN incoming feasibility
Result: NOTE Maintainer: ‘Timothy Koscik <timothy-koscik@uiowa.edu>’ No Authors@R field in DESCRIPTION. Please add one, modifying Authors@R: c(person(given = c("Timothy", "R."), family = "Koscik", role = c("aut", "cre", "cph")), person(given = "Timothy", family = "Koscik", role = "cre", email = "timothy-koscik@uiowa.edu")) as necessary. Flavors: r-devel-linux-x86_64-debian-clang, r-devel-linux-x86_64-debian-gcc