Last updated on 2025-02-21 09:50:41 CET.
Flavor | Version | Tinstall | Tcheck | Ttotal | Status | Flags |
---|---|---|---|---|---|---|
r-devel-linux-x86_64-debian-clang | 0.1 | 1.55 | 44.32 | 45.87 | NOTE | |
r-devel-linux-x86_64-debian-gcc | 0.1 | 1.57 | 29.26 | 30.83 | NOTE | |
r-devel-linux-x86_64-fedora-clang | 0.1 | 77.37 | NOTE | |||
r-devel-linux-x86_64-fedora-gcc | 0.1 | 93.38 | NOTE | |||
r-devel-macos-arm64 | 0.1 | 29.00 | OK | |||
r-devel-macos-x86_64 | 0.1 | 57.00 | OK | |||
r-devel-windows-x86_64 | 0.1 | 3.00 | 72.00 | 75.00 | OK | |
r-patched-linux-x86_64 | 0.1 | 1.57 | 43.30 | 44.87 | NOTE | |
r-release-linux-x86_64 | 0.1 | 1.71 | 41.75 | 43.46 | NOTE | |
r-release-macos-arm64 | 0.1 | 30.00 | OK | |||
r-release-macos-x86_64 | 0.1 | 42.00 | OK | |||
r-release-windows-x86_64 | 0.1 | 3.00 | 58.00 | 61.00 | OK | |
r-oldrel-macos-arm64 | 0.1 | 27.00 | OK | |||
r-oldrel-macos-x86_64 | 0.1 | 42.00 | OK | |||
r-oldrel-windows-x86_64 | 0.1 | 3.00 | 65.00 | 68.00 | OK |
Version: 0.1
Check: for non-standard things in the check directory
Result: NOTE
Found the following files/directories:
‘clusterhap_reports’
Flavors: r-devel-linux-x86_64-debian-clang, r-devel-linux-x86_64-debian-gcc, r-devel-linux-x86_64-fedora-clang, r-devel-linux-x86_64-fedora-gcc, r-patched-linux-x86_64, r-release-linux-x86_64