Last updated on 2025-07-12 09:49:14 CEST.
Flavor | Version | Tinstall | Tcheck | Ttotal | Status | Flags |
---|---|---|---|---|---|---|
r-devel-linux-x86_64-debian-clang | 0.5.7 | 2.14 | 22.88 | 25.02 | OK | |
r-devel-linux-x86_64-debian-gcc | 0.5.7 | 1.91 | 19.02 | 20.93 | WARN | |
r-devel-linux-x86_64-fedora-clang | 0.5.7 | 36.34 | OK | |||
r-devel-linux-x86_64-fedora-gcc | 0.5.7 | 48.14 | OK | |||
r-patched-linux-x86_64 | 0.5.7 | 2.22 | 20.34 | 22.56 | OK | |
r-release-linux-x86_64 | 0.5.7 | 2.18 | 20.39 | 22.57 | OK | |
r-release-macos-arm64 | 0.5.7 | 23.00 | OK | |||
r-release-macos-x86_64 | 0.5.7 | 44.00 | OK | |||
r-oldrel-macos-arm64 | 0.5.7 | 27.00 | OK | |||
r-oldrel-macos-x86_64 | 0.5.7 | 34.00 | OK |
Version: 0.5.7
Check: replacement functions
Result: WARN
‘print.:.bspm cli’
The argument of a replacement function which corresponds to the right
hand side must be named ‘value’.
Flavor: r-devel-linux-x86_64-debian-gcc