Last updated on 2025-07-12 09:49:13 CEST.
Flavor | Version | Tinstall | Tcheck | Ttotal | Status | Flags |
---|---|---|---|---|---|---|
r-devel-linux-x86_64-debian-clang | 1.0.0 | 11.85 | 168.45 | 180.30 | OK | |
r-devel-linux-x86_64-debian-gcc | 1.0.0 | 6.12 | 114.86 | 120.98 | WARN | |
r-devel-linux-x86_64-fedora-clang | 1.0.0 | 286.75 | OK | |||
r-devel-linux-x86_64-fedora-gcc | 1.0.0 | 279.31 | OK | |||
r-devel-windows-x86_64 | 1.0.0 | 12.00 | 142.00 | 154.00 | OK | |
r-patched-linux-x86_64 | 1.0.0 | 11.20 | 155.59 | 166.79 | OK | |
r-release-macos-x86_64 | 1.0.0 | 128.00 | OK | |||
r-release-windows-x86_64 | 1.0.0 | 12.00 | 145.00 | 157.00 | OK | |
r-oldrel-macos-x86_64 | 1.0.0 | 116.00 | OK | |||
r-oldrel-windows-x86_64 | 1.0.0 | 16.00 | 209.00 | 225.00 | OK |
Version: 1.0.0
Check: replacement functions
Result: WARN
‘print.:.bregr::breg’
The argument of a replacement function which corresponds to the right
hand side must be named ‘value’.
Flavor: r-devel-linux-x86_64-debian-gcc