CRAN Package Check Results for Package bmass

Last updated on 2025-07-13 09:49:36 CEST.

Flavor Version Tinstall Tcheck Ttotal Status Flags
r-devel-linux-x86_64-debian-clang 1.0.3 2.50 31.20 33.70 NOTE
r-devel-linux-x86_64-debian-gcc 1.0.3 2.07 24.73 26.80 NOTE
r-devel-linux-x86_64-fedora-clang 1.0.3 54.73 OK
r-devel-linux-x86_64-fedora-gcc 1.0.3 65.10 OK
r-devel-windows-x86_64 1.0.3 5.00 50.00 55.00 OK
r-patched-linux-x86_64 1.0.3 2.98 29.38 32.36 OK
r-release-linux-x86_64 1.0.3 2.40 28.73 31.13 OK
r-release-macos-arm64 1.0.3 27.00 OK
r-release-macos-x86_64 1.0.3 52.00 OK
r-release-windows-x86_64 1.0.3 4.00 53.00 57.00 OK
r-oldrel-macos-arm64 1.0.3 33.00 OK
r-oldrel-macos-x86_64 1.0.3 41.00 OK
r-oldrel-windows-x86_64 1.0.3 6.00 60.00 66.00 OK

Check Details

Version: 1.0.3
Check: CRAN incoming feasibility
Result: NOTE Maintainer: ‘Michael Turchin <mturchin20@uchicago.edu>’ Package CITATION file contains call(s) to old-style citEntry(). Please use bibentry() instead. Found the following URLs which should use \doi (with the DOI name only): File ‘GetModelPriorMatrix.Rd’: https://doi.org/10.1371/journal.pone.0065245 File ‘GlobalLipids2013.GWASsnps.Rd’: https://doi.org/10.1038/ng.2797 Flavors: r-devel-linux-x86_64-debian-clang, r-devel-linux-x86_64-debian-gcc