CRAN Package Check Results for Package binda

Last updated on 2025-07-12 09:49:13 CEST.

Flavor Version Tinstall Tcheck Ttotal Status Flags
r-devel-linux-x86_64-debian-clang 1.0.4 1.69 19.73 21.42 NOTE
r-devel-linux-x86_64-debian-gcc 1.0.4 1.53 16.42 17.95 NOTE
r-devel-linux-x86_64-fedora-clang 1.0.4 33.21 OK
r-devel-linux-x86_64-fedora-gcc 1.0.4 31.66 OK
r-devel-windows-x86_64 1.0.4 3.00 40.00 43.00 OK
r-patched-linux-x86_64 1.0.4 1.96 18.54 20.50 OK
r-release-linux-x86_64 1.0.4 1.93 18.60 20.53 OK
r-release-macos-arm64 1.0.4 16.00 OK
r-release-macos-x86_64 1.0.4 34.00 OK
r-release-windows-x86_64 1.0.4 4.00 45.00 49.00 OK
r-oldrel-macos-arm64 1.0.4 19.00 OK
r-oldrel-macos-x86_64 1.0.4 20.00 OK
r-oldrel-windows-x86_64 1.0.4 3.00 43.00 46.00 OK

Check Details

Version: 1.0.4
Check: CRAN incoming feasibility
Result: NOTE Maintainer: ‘Korbinian Strimmer <strimmerlab@gmail.com>’ No Authors@R field in DESCRIPTION. Please add one, modifying Authors@R: c(person(given = "Sebastian", family = "Gibb", role = "aut"), person(given = "Korbinian", family = "Strimmer.", role = "aut"), person(given = "Korbinian", family = "Strimmer", role = "cre", email = "strimmerlab@gmail.com")) as necessary. Flavors: r-devel-linux-x86_64-debian-clang, r-devel-linux-x86_64-debian-gcc