Last updated on 2025-07-13 09:49:36 CEST.
Flavor | Version | Tinstall | Tcheck | Ttotal | Status | Flags |
---|---|---|---|---|---|---|
r-devel-linux-x86_64-debian-clang | 1.0.5 | 15.91 | 155.98 | 171.89 | NOTE | |
r-devel-linux-x86_64-debian-gcc | 1.0.5 | 11.06 | 105.07 | 116.13 | NOTE | |
r-devel-linux-x86_64-fedora-clang | 1.0.5 | 255.19 | NOTE | |||
r-devel-linux-x86_64-fedora-gcc | 1.0.5 | 264.54 | NOTE | |||
r-devel-windows-x86_64 | 1.0.5 | 27.00 | 283.00 | 310.00 | NOTE | |
r-patched-linux-x86_64 | 1.0.5 | 28.84 | 143.97 | 172.81 | NOTE | |
r-release-linux-x86_64 | 1.0.5 | 12.80 | 142.83 | 155.63 | NOTE | |
r-release-macos-arm64 | 1.0.5 | 140.00 | NOTE | |||
r-release-macos-x86_64 | 1.0.5 | 171.00 | NOTE | |||
r-release-windows-x86_64 | 1.0.5 | 29.00 | 289.00 | 318.00 | NOTE | |
r-oldrel-macos-arm64 | 1.0.5 | 95.00 | NOTE | |||
r-oldrel-macos-x86_64 | 1.0.5 | 121.00 | NOTE | |||
r-oldrel-windows-x86_64 | 1.0.5 | 33.00 | 321.00 | 354.00 | NOTE |
Version: 1.0.5
Check: Rd files
Result: NOTE
checkRd: (-1) ec2_create_security_group.Rd:66: Escaped LaTeX specials: \#
checkRd: (-1) ec2_create_security_group.Rd:66: Escaped LaTeX specials: \$
checkRd: (-1) ec2_create_security_group.Rd:79: Escaped LaTeX specials: \#
checkRd: (-1) ec2_create_security_group.Rd:79: Escaped LaTeX specials: \$
Flavors: r-devel-linux-x86_64-debian-clang, r-devel-linux-x86_64-debian-gcc, r-devel-linux-x86_64-fedora-clang, r-devel-linux-x86_64-fedora-gcc, r-devel-windows-x86_64, r-patched-linux-x86_64, r-release-linux-x86_64, r-release-macos-arm64, r-release-macos-x86_64, r-release-windows-x86_64, r-oldrel-macos-arm64, r-oldrel-macos-x86_64, r-oldrel-windows-x86_64