Last updated on 2025-10-30 08:51:09 CET.
| Flavor | Version | Tinstall | Tcheck | Ttotal | Status | Flags |
|---|---|---|---|---|---|---|
| r-devel-linux-x86_64-debian-clang | 0.1-3 | 1.79 | 18.72 | 20.51 | OK | |
| r-devel-linux-x86_64-debian-gcc | 0.1-3 | 1.52 | 15.55 | 17.07 | OK | |
| r-devel-linux-x86_64-fedora-clang | 0.1-3 | 30.82 | OK | |||
| r-devel-linux-x86_64-fedora-gcc | 0.1-3 | 28.43 | OK | |||
| r-devel-windows-x86_64 | 0.1-3 | 2.00 | 34.00 | 36.00 | OK | |
| r-patched-linux-x86_64 | 0.1-3 | 1.73 | 17.63 | 19.36 | OK | |
| r-release-linux-x86_64 | 0.1-3 | 1.36 | 17.49 | 18.85 | OK | |
| r-release-macos-arm64 | 0.1-3 | 1.00 | 13.00 | 14.00 | OK | |
| r-release-macos-x86_64 | 0.1-3 | 2.00 | 19.00 | 21.00 | OK | |
| r-release-windows-x86_64 | 0.1-3 | 3.00 | 37.00 | 40.00 | OK | |
| r-oldrel-macos-arm64 | 0.1-3 | 1.00 | 20.00 | 21.00 | NOTE | |
| r-oldrel-macos-x86_64 | 0.1-3 | 1.00 | 18.00 | 19.00 | NOTE | |
| r-oldrel-windows-x86_64 | 0.1-3 | 3.00 | 36.00 | 39.00 | NOTE |
Version: 0.1-3
Check: LazyData
Result: NOTE
'LazyData' is specified without a 'data' directory
Flavors: r-oldrel-macos-arm64, r-oldrel-macos-x86_64, r-oldrel-windows-x86_64