Last updated on 2025-02-21 09:50:38 CET.
Flavor | Version | Tinstall | Tcheck | Ttotal | Status | Flags |
---|---|---|---|---|---|---|
r-devel-linux-x86_64-debian-clang | 1.5 | 3.17 | 29.37 | 32.54 | NOTE | |
r-devel-linux-x86_64-debian-gcc | 1.5 | 2.22 | 21.96 | 24.18 | NOTE | |
r-devel-linux-x86_64-fedora-clang | 1.5 | 53.37 | OK | |||
r-devel-linux-x86_64-fedora-gcc | 1.5 | 54.78 | OK | |||
r-devel-macos-arm64 | 1.5 | 19.00 | OK | |||
r-devel-macos-x86_64 | 1.5 | 38.00 | OK | |||
r-devel-windows-x86_64 | 1.5 | 4.00 | 58.00 | 62.00 | NOTE | |
r-patched-linux-x86_64 | 1.5 | 3.30 | 27.78 | 31.08 | OK | |
r-release-linux-x86_64 | 1.5 | 2.82 | 27.83 | 30.65 | OK | |
r-release-macos-arm64 | 1.5 | 25.00 | OK | |||
r-release-macos-x86_64 | 1.5 | 31.00 | OK | |||
r-release-windows-x86_64 | 1.5 | 4.00 | 57.00 | 61.00 | OK | |
r-oldrel-macos-arm64 | 1.5 | 21.00 | OK | |||
r-oldrel-macos-x86_64 | 1.5 | 30.00 | OK | |||
r-oldrel-windows-x86_64 | 1.5 | 4.00 | 138.00 | 142.00 | OK |
Version: 1.5
Check: Rd cross-references
Result: NOTE
Found the following Rd file(s) with Rd \link{} targets missing package
anchors:
artfima-package.Rd: ltsa
Please provide package anchors for all Rd \link{} targets not in the
package itself and the base packages.
Flavors: r-devel-linux-x86_64-debian-clang, r-devel-linux-x86_64-debian-gcc, r-devel-windows-x86_64