CRAN Package Check Results for Package arnie

Last updated on 2025-02-21 09:50:38 CET.

Flavor Version Tinstall Tcheck Ttotal Status Flags
r-devel-linux-x86_64-debian-clang 0.1.2 1.34 16.07 17.41 NOTE
r-devel-linux-x86_64-debian-gcc 0.1.2 1.20 14.01 15.21 NOTE
r-devel-linux-x86_64-fedora-clang 0.1.2 27.31 NOTE
r-devel-linux-x86_64-fedora-gcc 0.1.2 27.16 NOTE
r-devel-macos-arm64 0.1.2 14.00 NOTE
r-devel-macos-x86_64 0.1.2 21.00 NOTE
r-devel-windows-x86_64 0.1.2 2.00 41.00 43.00 NOTE
r-patched-linux-x86_64 0.1.2 1.37 15.42 16.79 NOTE
r-release-linux-x86_64 0.1.2 1.32 15.33 16.65 NOTE
r-release-macos-arm64 0.1.2 19.00 NOTE
r-release-macos-x86_64 0.1.2 23.00 NOTE
r-release-windows-x86_64 0.1.2 2.00 34.00 36.00 NOTE
r-oldrel-macos-arm64 0.1.2 15.00 NOTE
r-oldrel-macos-x86_64 0.1.2 20.00 NOTE
r-oldrel-windows-x86_64 0.1.2 3.00 34.00 37.00 NOTE

Check Details

Version: 0.1.2
Check: DESCRIPTION meta-information
Result: NOTE Malformed Description field: should contain one or more complete sentences. Flavors: r-devel-linux-x86_64-debian-clang, r-devel-linux-x86_64-debian-gcc, r-devel-linux-x86_64-fedora-clang, r-devel-linux-x86_64-fedora-gcc, r-devel-macos-arm64, r-devel-macos-x86_64, r-devel-windows-x86_64, r-patched-linux-x86_64, r-release-linux-x86_64, r-release-macos-arm64, r-release-macos-x86_64, r-release-windows-x86_64, r-oldrel-macos-arm64, r-oldrel-macos-x86_64, r-oldrel-windows-x86_64