Last updated on 2025-07-12 09:49:12 CEST.
Flavor | Version | Tinstall | Tcheck | Ttotal | Status | Flags |
---|---|---|---|---|---|---|
r-devel-linux-x86_64-debian-clang | 1.1.7 | 13.96 | 114.53 | 128.49 | NOTE | |
r-devel-linux-x86_64-debian-gcc | 1.1.7 | 10.08 | 78.83 | 88.91 | NOTE | |
r-devel-linux-x86_64-fedora-clang | 1.1.7 | 203.15 | OK | |||
r-devel-linux-x86_64-fedora-gcc | 1.1.7 | 186.79 | OK | |||
r-devel-windows-x86_64 | 1.1.7 | 18.00 | 125.00 | 143.00 | NOTE | |
r-patched-linux-x86_64 | 1.1.7 | 13.71 | 105.65 | 119.36 | NOTE | |
r-release-linux-x86_64 | 1.1.7 | 13.58 | 104.65 | 118.23 | NOTE | |
r-release-macos-arm64 | 1.1.7 | 56.00 | OK | |||
r-release-macos-x86_64 | 1.1.7 | 101.00 | OK | |||
r-release-windows-x86_64 | 1.1.7 | 19.00 | 123.00 | 142.00 | NOTE | |
r-oldrel-macos-arm64 | 1.1.7 | 55.00 | OK | |||
r-oldrel-macos-x86_64 | 1.1.7 | 84.00 | OK | |||
r-oldrel-windows-x86_64 | 1.1.7 | 23.00 | 154.00 | 177.00 | OK |
Version: 1.1.7
Check: Rd cross-references
Result: NOTE
Found the following Rd file(s) with Rd \link{} targets missing package
anchors:
abctools-package.Rd: abc
cov.pi.Rd: abc, postpr
Please provide package anchors for all Rd \link{} targets not in the
package itself and the base packages.
Flavors: r-devel-linux-x86_64-debian-clang, r-devel-linux-x86_64-debian-gcc, r-devel-windows-x86_64, r-patched-linux-x86_64, r-release-linux-x86_64, r-release-windows-x86_64