Last updated on 2025-02-21 09:51:05 CET.
Flavor | Version | Tinstall | Tcheck | Ttotal | Status | Flags |
---|---|---|---|---|---|---|
r-devel-linux-x86_64-debian-clang | 0.1.0 | 30.05 | 237.22 | 267.27 | OK | |
r-devel-linux-x86_64-debian-gcc | 0.1.0 | 19.75 | 157.22 | 176.97 | OK | |
r-devel-linux-x86_64-fedora-clang | 0.1.0 | 415.73 | OK | |||
r-devel-linux-x86_64-fedora-gcc | 0.1.0 | 404.91 | OK | |||
r-devel-macos-arm64 | 0.1.0 | 86.00 | OK | |||
r-devel-macos-x86_64 | 0.1.0 | 201.00 | OK | |||
r-devel-windows-x86_64 | 0.1.0 | 25.00 | 181.00 | 206.00 | OK | |
r-patched-linux-x86_64 | 0.1.0 | 25.85 | 221.42 | 247.27 | NOTE | |
r-release-linux-x86_64 | 0.1.0 | 27.61 | 221.93 | 249.54 | NOTE | |
r-release-macos-arm64 | 0.1.0 | 81.00 | NOTE | |||
r-release-macos-x86_64 | 0.1.0 | 137.00 | NOTE | |||
r-release-windows-x86_64 | 0.1.0 | 26.00 | 182.00 | 208.00 | NOTE | |
r-oldrel-macos-arm64 | 0.1.0 | 90.00 | NOTE | |||
r-oldrel-macos-x86_64 | 0.1.0 | 180.00 | NOTE | |||
r-oldrel-windows-x86_64 | 0.1.0 | 34.00 | 255.00 | 289.00 | NOTE |
Version: 0.1.0
Check: LazyData
Result: NOTE
'LazyData' is specified without a 'data' directory
Flavors: r-patched-linux-x86_64, r-release-linux-x86_64, r-release-macos-arm64, r-release-macos-x86_64, r-release-windows-x86_64, r-oldrel-macos-arm64, r-oldrel-macos-x86_64, r-oldrel-windows-x86_64