Last updated on 2025-02-21 09:51:04 CET.
Flavor | Version | Tinstall | Tcheck | Ttotal | Status | Flags |
---|---|---|---|---|---|---|
r-devel-linux-x86_64-debian-clang | 0.1.6.3 | 68.53 | 48.54 | 117.07 | NOTE | |
r-devel-linux-x86_64-debian-gcc | 0.1.6.3 | 54.86 | 39.78 | 94.64 | NOTE | |
r-devel-linux-x86_64-fedora-clang | 0.1.6.3 | 211.17 | OK | |||
r-devel-linux-x86_64-fedora-gcc | 0.1.6.3 | 223.29 | OK | |||
r-devel-macos-arm64 | 0.1.6.3 | 55.00 | OK | |||
r-devel-macos-x86_64 | 0.1.6.3 | 76.00 | OK | |||
r-devel-windows-x86_64 | 0.1.6.3 | 88.00 | 94.00 | 182.00 | NOTE | |
r-patched-linux-x86_64 | 0.1.6.3 | 85.83 | 47.57 | 133.40 | OK | |
r-release-linux-x86_64 | 0.1.6.3 | 80.43 | 47.54 | 127.97 | OK | |
r-release-macos-arm64 | 0.1.6.3 | 59.00 | NOTE | |||
r-release-macos-x86_64 | 0.1.6.3 | 64.00 | NOTE | |||
r-release-windows-x86_64 | 0.1.6.3 | 91.00 | 88.00 | 179.00 | OK | |
r-oldrel-macos-arm64 | 0.1.6.3 | 77.00 | NOTE | |||
r-oldrel-macos-x86_64 | 0.1.6.3 | 69.00 | NOTE | |||
r-oldrel-windows-x86_64 | 0.1.6.3 | 101.00 | 131.00 | 232.00 | OK |
Version: 0.1.6.3
Check: Rd cross-references
Result: NOTE
Found the following Rd file(s) with Rd \link{} targets missing package
anchors:
TukeyRegion-package.Rd: depth.halfspace, ddalpha
depth.wm.Rd: depth.halfspace, ddalpha
plot.TukeyRegion.Rd: rgl
Please provide package anchors for all Rd \link{} targets not in the
package itself and the base packages.
Flavors: r-devel-linux-x86_64-debian-clang, r-devel-linux-x86_64-debian-gcc, r-devel-windows-x86_64
Version: 0.1.6.3
Check: installed package size
Result: NOTE
installed size is 5.6Mb
sub-directories of 1Mb or more:
libs 5.5Mb
Flavors: r-release-macos-arm64, r-release-macos-x86_64, r-oldrel-macos-arm64, r-oldrel-macos-x86_64