Last updated on 2025-07-12 09:49:35 CEST.
Flavor | Version | Tinstall | Tcheck | Ttotal | Status | Flags |
---|---|---|---|---|---|---|
r-devel-linux-x86_64-debian-clang | 1.4.5 | 18.59 | 108.11 | 126.70 | NOTE | |
r-devel-linux-x86_64-debian-gcc | 1.4.5 | 15.78 | 86.49 | 102.27 | NOTE | |
r-devel-linux-x86_64-fedora-clang | 1.4.5 | 210.74 | NOTE | |||
r-devel-linux-x86_64-fedora-gcc | 1.4.5 | 214.37 | NOTE | |||
r-devel-windows-x86_64 | 1.4.5 | 25.00 | 144.00 | 169.00 | NOTE | |
r-patched-linux-x86_64 | 1.4.5 | 21.40 | 104.17 | 125.57 | NOTE | |
r-release-linux-x86_64 | 1.4.5 | 20.13 | 103.81 | 123.94 | NOTE | |
r-release-macos-arm64 | 1.4.5 | 78.00 | NOTE | |||
r-release-macos-x86_64 | 1.4.5 | 170.00 | NOTE | |||
r-release-windows-x86_64 | 1.4.5 | 24.00 | 143.00 | 167.00 | NOTE | |
r-oldrel-macos-arm64 | 1.4.5 | 70.00 | NOTE | |||
r-oldrel-macos-x86_64 | 1.4.5 | 104.00 | NOTE | |||
r-oldrel-windows-x86_64 | 1.4.5 | 29.00 | 188.00 | 217.00 | NOTE |
Version: 1.4.5
Check: CRAN incoming feasibility
Result: NOTE
Maintainer: ‘Xavier Didelot <xavier.didelot@gmail.com>’
Package CITATION file contains call(s) to old-style citEntry(). Please
use bibentry() instead.
Flavors: r-devel-linux-x86_64-debian-clang, r-devel-linux-x86_64-debian-gcc
Version: 1.4.5
Check: C++ specification
Result: NOTE
Specified C++11: please drop specification unless essential
Flavors: r-devel-linux-x86_64-debian-clang, r-devel-linux-x86_64-debian-gcc, r-devel-linux-x86_64-fedora-clang, r-devel-linux-x86_64-fedora-gcc, r-devel-windows-x86_64, r-patched-linux-x86_64, r-release-linux-x86_64, r-release-macos-arm64, r-release-macos-x86_64, r-release-windows-x86_64, r-oldrel-macos-arm64, r-oldrel-macos-x86_64, r-oldrel-windows-x86_64