CRAN Package Check Results for Package SPINA

Last updated on 2025-07-12 09:49:32 CEST.

Flavor Version Tinstall Tcheck Ttotal Status Flags
r-devel-linux-x86_64-debian-clang 4.1.0 1.69 20.23 21.92 NOTE
r-devel-linux-x86_64-debian-gcc 4.1.0 1.43 16.84 18.27 NOTE
r-devel-linux-x86_64-fedora-clang 4.1.0 32.94 OK
r-devel-linux-x86_64-fedora-gcc 4.1.0 31.66 OK
r-devel-windows-x86_64 4.1.0 3.00 40.00 43.00 OK
r-patched-linux-x86_64 4.1.0 2.24 18.77 21.01 OK
r-release-linux-x86_64 4.1.0 1.80 18.60 20.40 OK
r-release-macos-arm64 4.1.0 15.00 OK
r-release-macos-x86_64 4.1.0 22.00 OK
r-release-windows-x86_64 4.1.0 3.00 40.00 43.00 OK
r-oldrel-macos-arm64 4.1.0 14.00 OK
r-oldrel-macos-x86_64 4.1.0 23.00 OK
r-oldrel-windows-x86_64 4.1.0 3.00 40.00 43.00 OK

Check Details

Version: 4.1.0
Check: CRAN incoming feasibility
Result: NOTE Maintainer: ‘Johannes W. Dietrich <johannes.dietrich@ruhr-uni-bochum.de>’ Package CITATION file contains call(s) to old-style personList() or as.personList(). Please use c() on person objects instead. Flavors: r-devel-linux-x86_64-debian-clang, r-devel-linux-x86_64-debian-gcc