Last updated on 2025-07-12 09:49:30 CEST.
Flavor | Version | Tinstall | Tcheck | Ttotal | Status | Flags |
---|---|---|---|---|---|---|
r-devel-linux-x86_64-debian-clang | 0.2.7 | 4.59 | 35.19 | 39.78 | OK | |
r-devel-linux-x86_64-debian-gcc | 0.2.7 | 3.24 | 27.30 | 30.54 | OK | |
r-devel-linux-x86_64-fedora-clang | 0.2.7 | 59.82 | NOTE | |||
r-devel-linux-x86_64-fedora-gcc | 0.2.7 | 55.97 | NOTE | |||
r-devel-windows-x86_64 | 0.2.7 | 5.00 | 51.00 | 56.00 | OK | |
r-patched-linux-x86_64 | 0.2.7 | 4.53 | 31.88 | 36.41 | OK | |
r-release-linux-x86_64 | 0.2.7 | 3.79 | 31.80 | 35.59 | OK | |
r-release-macos-arm64 | 0.2.7 | 22.00 | OK | |||
r-release-macos-x86_64 | 0.2.7 | 46.00 | OK | |||
r-release-windows-x86_64 | 0.2.7 | 6.00 | 51.00 | 57.00 | OK | |
r-oldrel-macos-arm64 | 0.2.7 | 21.00 | OK | |||
r-oldrel-macos-x86_64 | 0.2.7 | 32.00 | OK | |||
r-oldrel-windows-x86_64 | 0.2.7 | 7.00 | 60.00 | 67.00 | OK |
Version: 0.2.7
Check: dependencies in R code
Result: NOTE
Namespaces in Imports field not imported from:
‘httr’ ‘logger’
All declared Imports should be used.
Flavors: r-devel-linux-x86_64-fedora-clang, r-devel-linux-x86_64-fedora-gcc