Last updated on 2025-07-12 09:49:28 CEST.
Flavor | Version | Tinstall | Tcheck | Ttotal | Status | Flags |
---|---|---|---|---|---|---|
r-devel-linux-x86_64-debian-clang | 1.0 | 5.17 | 46.43 | 51.60 | NOTE | |
r-devel-linux-x86_64-debian-gcc | 1.0 | 3.56 | 32.95 | 36.51 | NOTE | |
r-devel-linux-x86_64-fedora-clang | 1.0 | 76.19 | OK | |||
r-devel-linux-x86_64-fedora-gcc | 1.0 | 72.23 | OK | |||
r-devel-windows-x86_64 | 1.0 | 7.00 | 60.00 | 67.00 | OK | |
r-patched-linux-x86_64 | 1.0 | 5.55 | 41.40 | 46.95 | OK | |
r-release-linux-x86_64 | 1.0 | 4.64 | 40.69 | 45.33 | OK | |
r-release-macos-arm64 | 1.0 | 25.00 | OK | |||
r-release-macos-x86_64 | 1.0 | 45.00 | OK | |||
r-release-windows-x86_64 | 1.0 | 6.00 | 64.00 | 70.00 | OK | |
r-oldrel-macos-arm64 | 1.0 | 25.00 | OK | |||
r-oldrel-macos-x86_64 | 1.0 | 45.00 | OK | |||
r-oldrel-windows-x86_64 | 1.0 | 9.00 | 73.00 | 82.00 | OK |
Version: 1.0
Check: CRAN incoming feasibility
Result: NOTE
Maintainer: ‘Erica Ponzi <erica.ponzi@medisin.uio.no>’
The Description field contains
<arXiv:2101.09110>.
Please refer to arXiv e-prints via their arXiv DOI <doi:10.48550/arXiv.YYMM.NNNNN>.
Flavors: r-devel-linux-x86_64-debian-clang, r-devel-linux-x86_64-debian-gcc