Last updated on 2025-10-30 08:51:23 CET.
| Flavor | Version | Tinstall | Tcheck | Ttotal | Status | Flags |
|---|---|---|---|---|---|---|
| r-devel-linux-x86_64-debian-clang | 0.1-0 | 4.36 | 30.29 | 34.65 | NOTE | |
| r-devel-linux-x86_64-debian-gcc | 0.1-0 | 3.32 | 23.25 | 26.57 | NOTE | |
| r-devel-linux-x86_64-fedora-clang | 0.1-0 | 10.00 | 43.62 | 53.62 | OK | |
| r-devel-linux-x86_64-fedora-gcc | 0.1-0 | 10.00 | 41.45 | 51.45 | OK | |
| r-devel-windows-x86_64 | 0.1-0 | 5.00 | 50.00 | 55.00 | OK | |
| r-patched-linux-x86_64 | 0.1-0 | 4.40 | 28.94 | 33.34 | OK | |
| r-release-linux-x86_64 | 0.1-0 | 4.19 | 28.60 | 32.79 | OK | |
| r-release-macos-arm64 | 0.1-0 | 3.00 | 17.00 | 20.00 | OK | |
| r-release-macos-x86_64 | 0.1-0 | 5.00 | 29.00 | 34.00 | OK | |
| r-release-windows-x86_64 | 0.1-0 | 7.00 | 53.00 | 60.00 | OK | |
| r-oldrel-macos-arm64 | 0.1-0 | 4.00 | 18.00 | 22.00 | OK | |
| r-oldrel-macos-x86_64 | 0.1-0 | 6.00 | 26.00 | 32.00 | OK | |
| r-oldrel-windows-x86_64 | 0.1-0 | 6.00 | 51.00 | 57.00 | OK |
Version: 0.1-0
Check: CRAN incoming feasibility
Result: NOTE
Maintainer: ‘Chris Salahub <chris.salahub@uwaterloo.ca>’
The Description field contains
in Salahub and Olford (2023) <arXiv:2310.16600>. This package provides
Please refer to arXiv e-prints via their arXiv DOI <doi:10.48550/arXiv.YYMM.NNNNN>.
Flavors: r-devel-linux-x86_64-debian-clang, r-devel-linux-x86_64-debian-gcc