Last updated on 2025-07-11 09:50:14 CEST.
Flavor | Version | Tinstall | Tcheck | Ttotal | Status | Flags |
---|---|---|---|---|---|---|
r-devel-linux-x86_64-debian-clang | 1.0.6 | 77.04 | 30.16 | 107.20 | OK | |
r-devel-linux-x86_64-debian-gcc | 1.0.6 | 56.56 | 24.72 | 81.28 | OK | |
r-devel-linux-x86_64-fedora-clang | 1.0.6 | 206.32 | OK | |||
r-devel-linux-x86_64-fedora-gcc | 1.0.6 | 183.50 | OK | |||
r-devel-windows-x86_64 | 1.0.6 | 89.00 | 70.00 | 159.00 | OK | |
r-patched-linux-x86_64 | 1.0.6 | 79.07 | 27.56 | 106.63 | OK | |
r-release-linux-x86_64 | 1.0.6 | 75.52 | 27.55 | 103.07 | OK | |
r-release-macos-arm64 | 1.0.6 | 55.00 | OK | |||
r-release-macos-x86_64 | 1.0.6 | 71.00 | OK | |||
r-release-windows-x86_64 | 1.0.6 | 93.00 | 66.00 | 159.00 | OK | |
r-oldrel-macos-arm64 | 1.0.6 | 57.00 | NOTE | |||
r-oldrel-macos-x86_64 | 1.0.6 | 81.00 | NOTE | |||
r-oldrel-windows-x86_64 | 1.0.6 | 109.00 | 77.00 | 186.00 | OK |
Version: 1.0.6
Check: installed package size
Result: NOTE
installed size is 5.3Mb
sub-directories of 1Mb or more:
libs 5.2Mb
Flavors: r-oldrel-macos-arm64, r-oldrel-macos-x86_64