Last updated on 2025-02-21 09:50:53 CET.
Flavor | Version | Tinstall | Tcheck | Ttotal | Status | Flags |
---|---|---|---|---|---|---|
r-devel-linux-x86_64-debian-clang | 11.1 | 36.94 | 165.78 | 202.72 | OK | |
r-devel-linux-x86_64-debian-gcc | 11.1 | 28.72 | 117.67 | 146.39 | OK | |
r-devel-linux-x86_64-fedora-clang | 11.1 | 339.13 | OK | |||
r-devel-linux-x86_64-fedora-gcc | 11.1 | 350.71 | OK | |||
r-devel-macos-arm64 | 11.0 | 88.00 | OK | |||
r-devel-macos-x86_64 | 11.1 | 176.00 | OK | |||
r-devel-windows-x86_64 | 11.1 | 49.00 | 192.00 | 241.00 | OK | |
r-patched-linux-x86_64 | 11.1 | 39.91 | 137.52 | 177.43 | NOTE | |
r-release-linux-x86_64 | 11.1 | 39.68 | 139.14 | 178.82 | NOTE | |
r-release-macos-arm64 | 11.0 | 55.00 | NOTE | |||
r-release-macos-x86_64 | 11.1 | 191.00 | NOTE | |||
r-release-windows-x86_64 | 11.1 | 51.00 | 167.00 | 218.00 | NOTE | |
r-oldrel-macos-arm64 | 11.0 | 104.00 | NOTE | |||
r-oldrel-macos-x86_64 | 11.1 | 186.00 | NOTE | |||
r-oldrel-windows-x86_64 | 11.1 | 52.00 | 195.00 | 247.00 | NOTE |
Version: 11.1
Check: for GNU extensions in Makefiles
Result: NOTE
GNU make is a SystemRequirements.
Flavors: r-patched-linux-x86_64, r-release-linux-x86_64, r-release-macos-x86_64, r-release-windows-x86_64, r-oldrel-macos-x86_64, r-oldrel-windows-x86_64
Version: 11.0
Check: for GNU extensions in Makefiles
Result: NOTE
GNU make is a SystemRequirements.
Flavors: r-release-macos-arm64, r-oldrel-macos-arm64