Last updated on 2025-07-12 09:49:22 CEST.
Flavor | Version | Tinstall | Tcheck | Ttotal | Status | Flags |
---|---|---|---|---|---|---|
r-devel-linux-x86_64-debian-clang | 4.1-0 | 8.24 | 59.74 | 67.98 | NOTE | |
r-devel-linux-x86_64-debian-gcc | 4.1-0 | 5.59 | 41.58 | 47.17 | NOTE | |
r-devel-linux-x86_64-fedora-clang | 4.1-0 | 105.77 | OK | |||
r-devel-linux-x86_64-fedora-gcc | 4.1-0 | 101.77 | OK | |||
r-devel-windows-x86_64 | 4.1-0 | 9.00 | 85.00 | 94.00 | OK | |
r-patched-linux-x86_64 | 4.1-0 | 8.15 | 57.24 | 65.39 | OK | |
r-release-linux-x86_64 | 4.1-0 | 6.89 | 57.54 | 64.43 | OK | |
r-release-macos-arm64 | 4.1-0 | 33.00 | OK | |||
r-release-macos-x86_64 | 4.1-0 | 59.00 | OK | |||
r-release-windows-x86_64 | 4.1-0 | 9.00 | 88.00 | 97.00 | OK | |
r-oldrel-macos-arm64 | 4.1-0 | 31.00 | OK | |||
r-oldrel-macos-x86_64 | 4.1-0 | 47.00 | OK | |||
r-oldrel-windows-x86_64 | 4.1-0 | 7.00 | 88.00 | 95.00 | OK |
Version: 4.1-0
Check: CRAN incoming feasibility
Result: NOTE
Maintainer: ‘Bjoern Schwalb <schwalb.bjoern@gmail.com>’
No Authors@R field in DESCRIPTION.
Please add one, modifying
Authors@R: c(person(given = "Bjoern",
family = "Schwalb",
role = c("aut", "cre"),
email = "schwalb.bjoern@gmail.com"),
person(given = "Achim",
family = "Tresch",
role = "aut"),
person(given = "Phillipp",
family = "Torkler",
role = "ctb"),
person(given = "Sebastian",
family = "Duemcke",
role = "ctb"),
person(given = "Carina",
family = "Demel",
role = "ctb"),
person(given = "Brian",
family = "Ripley",
role = "ctb"),
person(given = "Bill",
family = "Venables",
role = "ctb"))
as necessary.
Flavors: r-devel-linux-x86_64-debian-clang, r-devel-linux-x86_64-debian-gcc