Last updated on 2025-07-12 09:49:20 CEST.
Flavor | Version | Tinstall | Tcheck | Ttotal | Status | Flags |
---|---|---|---|---|---|---|
r-devel-linux-x86_64-debian-clang | 1.1.0 | 80.35 | 194.11 | 274.46 | OK | |
r-devel-linux-x86_64-debian-gcc | 1.1.0 | 51.14 | 130.49 | 181.63 | WARN | |
r-devel-linux-x86_64-fedora-clang | 1.1.0 | 412.17 | OK | |||
r-devel-linux-x86_64-fedora-gcc | 1.1.0 | 402.73 | OK | |||
r-devel-windows-x86_64 | 1.1.0 | 73.00 | 186.00 | 259.00 | OK | |
r-patched-linux-x86_64 | 1.1.0 | 76.69 | 183.30 | 259.99 | OK | |
r-release-linux-x86_64 | 1.1.0 | 78.81 | 182.48 | 261.29 | OK | |
r-release-macos-arm64 | 1.1.0 | 128.00 | OK | |||
r-release-macos-x86_64 | 1.1.0 | 292.00 | OK | |||
r-release-windows-x86_64 | 1.1.0 | 75.00 | 193.00 | 268.00 | OK | |
r-oldrel-macos-arm64 | 1.1.0 | 131.00 | NOTE | |||
r-oldrel-macos-x86_64 | 1.1.0 | 278.00 | NOTE | |||
r-oldrel-windows-x86_64 | 1.1.0 | 108.00 | 243.00 | 351.00 | OK |
Version: 1.1.0
Check: replacement functions
Result: WARN
‘as_wizardgtfs.:.list’ ‘as_wizardgtfs.:.tidygtfs’
‘explore_gtfs.:.list’ ‘explore_gtfs.:.wizardgtfs’
‘get_shapes_sf.:.data.frame’ ‘get_shapes_sf.:.gtfs’
‘get_shapes_sf.:.list’ ‘get_shapes_sf.:.wizardgtfs’
‘get_stops_sf.:.data.frame’ ‘get_stops_sf.:.gtfs’
‘get_stops_sf.:.list’ ‘get_stops_sf.:.wizardgtfs’ ‘selection.:.list’
‘selection.:.wizardgtfs’ ‘selection.:.wizardgtfs_selected’
‘unselection.:.wizardgtfs’ ‘unselection.:.wizardgtfs_selected’
‘write_gtfs.:.dt_gtfs’ ‘write_gtfs.:.list’ ‘write_gtfs.:.tidygtfs’
‘write_gtfs.:.wizardgtfs’ ‘as_wizardgtfs.:.list’
‘as_wizardgtfs.:.tidygtfs’ ‘explore_gtfs.:.list’
‘explore_gtfs.:.wizardgtfs’ ‘get_shapes_sf.:.data.frame’
‘get_shapes_sf.:.gtfs’ ‘get_shapes_sf.:.list’
‘get_shapes_sf.:.wizardgtfs’ ‘get_stops_sf.:.data.frame’
‘get_stops_sf.:.gtfs’ ‘get_stops_sf.:.list’
‘get_stops_sf.:.wizardgtfs’ ‘selection.:.list’
‘selection.:.wizardgtfs’ ‘selection.:.wizardgtfs_selected’
‘unselection.:.wizardgtfs’ ‘unselection.:.wizardgtfs_selected’
‘write_gtfs.:.dt_gtfs’ ‘write_gtfs.:.list’ ‘write_gtfs.:.tidygtfs’
‘write_gtfs.:.wizardgtfs’
The argument of a replacement function which corresponds to the right
hand side must be named ‘value’.
Flavor: r-devel-linux-x86_64-debian-gcc
Version: 1.1.0
Check: installed package size
Result: NOTE
installed size is 5.3Mb
sub-directories of 1Mb or more:
data 4.8Mb
Flavors: r-oldrel-macos-arm64, r-oldrel-macos-x86_64