Last updated on 2025-07-12 09:49:18 CEST.
Flavor | Version | Tinstall | Tcheck | Ttotal | Status | Flags |
---|---|---|---|---|---|---|
r-devel-linux-x86_64-debian-clang | 0.4 | 2.55 | 28.13 | 30.68 | NOTE | |
r-devel-linux-x86_64-debian-gcc | 0.4 | 1.86 | 22.78 | 24.64 | NOTE | |
r-devel-linux-x86_64-fedora-clang | 0.4 | 49.20 | OK | |||
r-devel-linux-x86_64-fedora-gcc | 0.4 | 44.85 | OK | |||
r-devel-windows-x86_64 | 0.4 | 5.00 | 45.00 | 50.00 | OK | |
r-patched-linux-x86_64 | 0.4 | 2.67 | 25.98 | 28.65 | OK | |
r-release-linux-x86_64 | 0.4 | 2.03 | 26.29 | 28.32 | OK | |
r-release-macos-arm64 | 0.4 | 18.00 | OK | |||
r-release-macos-x86_64 | 0.4 | 27.00 | OK | |||
r-release-windows-x86_64 | 0.4 | 4.00 | 46.00 | 50.00 | OK | |
r-oldrel-macos-arm64 | 0.4 | 18.00 | OK | |||
r-oldrel-macos-x86_64 | 0.4 | 25.00 | OK | |||
r-oldrel-windows-x86_64 | 0.4 | 4.00 | 45.00 | 49.00 | OK |
Version: 0.4
Check: CRAN incoming feasibility
Result: NOTE
Maintainer: ‘Reiichiro Nakamichi <nakamichi@affrc.go.jp>’
No Authors@R field in DESCRIPTION.
Please add one, modifying
Authors@R: c(person(given = "Reiichiro",
family = "Nakamichi",
role = c("aut", "cre"),
email = "nakamichi@affrc.go.jp"),
person(given = "Shuichi",
family = "Kitada",
role = "aut"),
person(given = "Hirohisa",
family = "Kishino",
role = "aut"))
as necessary.
Flavors: r-devel-linux-x86_64-debian-clang, r-devel-linux-x86_64-debian-gcc