CRAN Package Check Results for Package FamilyRank

Last updated on 2025-02-21 09:50:44 CET.

Flavor Version Tinstall Tcheck Ttotal Status Flags
r-devel-linux-x86_64-debian-clang 1.0 20.44 26.10 46.54 NOTE
r-devel-linux-x86_64-debian-gcc 1.0 13.03 20.42 33.45 NOTE
r-devel-linux-x86_64-fedora-clang 1.0 80.42 NOTE
r-devel-linux-x86_64-fedora-gcc 1.0 77.02 NOTE
r-devel-macos-arm64 1.0 24.00 NOTE
r-devel-macos-x86_64 1.0 37.00 NOTE
r-devel-windows-x86_64 1.0 22.00 72.00 94.00 NOTE
r-patched-linux-x86_64 1.0 18.85 24.80 43.65 NOTE
r-release-linux-x86_64 1.0 19.08 24.73 43.81 NOTE
r-release-macos-arm64 1.0 24.00 NOTE
r-release-macos-x86_64 1.0 34.00 NOTE
r-release-windows-x86_64 1.0 22.00 67.00 89.00 NOTE
r-oldrel-macos-arm64 1.0 27.00 NOTE
r-oldrel-macos-x86_64 1.0 42.00 NOTE
r-oldrel-windows-x86_64 1.0 27.00 77.00 104.00 NOTE

Check Details

Version: 1.0
Check: C++ specification
Result: NOTE Specified C++11: please drop specification unless essential Flavors: r-devel-linux-x86_64-debian-clang, r-devel-linux-x86_64-debian-gcc, r-devel-linux-x86_64-fedora-clang, r-devel-linux-x86_64-fedora-gcc, r-devel-macos-arm64, r-devel-macos-x86_64, r-devel-windows-x86_64, r-patched-linux-x86_64, r-release-linux-x86_64, r-release-macos-arm64, r-release-macos-x86_64, r-release-windows-x86_64, r-oldrel-macos-arm64, r-oldrel-macos-x86_64, r-oldrel-windows-x86_64

Version: 1.0
Check: LazyData
Result: NOTE 'LazyData' is specified without a 'data' directory Flavors: r-patched-linux-x86_64, r-release-linux-x86_64, r-release-macos-arm64, r-release-macos-x86_64, r-release-windows-x86_64, r-oldrel-macos-arm64, r-oldrel-macos-x86_64, r-oldrel-windows-x86_64