CRAN Package Check Results for Package DLSSM

Last updated on 2025-07-12 09:49:16 CEST.

Flavor Version Tinstall Tcheck Ttotal Status Flags
r-devel-linux-x86_64-debian-clang 1.1.1 6.70 62.85 69.55 OK
r-devel-linux-x86_64-debian-gcc 1.1.1 5.76 48.30 54.06 OK
r-devel-linux-x86_64-fedora-clang 1.1.1 120.40 OK
r-devel-linux-x86_64-fedora-gcc 1.1.1 118.68 OK
r-devel-windows-x86_64 1.1.1 8.00 74.00 82.00 OK
r-patched-linux-x86_64 1.1.1 7.49 60.42 67.91 ERROR
r-release-linux-x86_64 1.1.1 7.13 59.45 66.58 OK
r-release-macos-arm64 1.1.1 44.00 OK
r-release-macos-x86_64 1.1.1 78.00 OK
r-release-windows-x86_64 1.1.1 8.00 73.00 81.00 OK
r-oldrel-macos-arm64 1.1.1 44.00 OK
r-oldrel-macos-x86_64 1.1.1 79.00 OK
r-oldrel-windows-x86_64 1.1.1 11.00 89.00 100.00 OK

Check Details

Version: 1.1.1
Check: tests
Result: ERROR Running ‘testthat.R’ [2s/3s] Running the tests in ‘tests/testthat.R’ failed. Complete output: > # This file is part of the standard setup for testthat. > # It is recommended that you do not modify it. > # > # Where should you do additional test configuration? > # Learn more about the roles of various files in: > # * https://r-pkgs.org/tests.html > # * https://testthat.r-lib.org/reference/test_package.html#special-files > > library(testthat) > library(DLSSM) > > test_check("DLSSM") [ FAIL 1 | WARN 0 | SKIP 0 | PASS 3 ] ══ Failed tests ════════════════════════════════════════════════════════════════ ── Error ('test-DLSSM.R:19:3'): Input errors ─────────────────────────────────── Error in `dimnames(x) <- dn`: length of 'dimnames' [2] not equal to array extent Backtrace: ▆ 1. ├─testthat::expect_error(...) at test-DLSSM.R:19:3 2. │ └─testthat:::expect_condition_matching(...) 3. │ └─testthat:::quasi_capture(...) 4. │ ├─testthat (local) .capture(...) 5. │ │ └─base::withCallingHandlers(...) 6. │ └─rlang::eval_bare(quo_get_expr(.quo), quo_get_env(.quo)) 7. └─DLSSM::Batched(formula2, data2, time = "t", S = 10) 8. └─base::`colnames<-`(`*tmp*`, value = c(var_names, time)) [ FAIL 1 | WARN 0 | SKIP 0 | PASS 3 ] Error: Test failures Execution halted Flavor: r-patched-linux-x86_64